{"id":481,"date":"2015-12-02T17:20:36","date_gmt":"2015-12-02T17:20:36","guid":{"rendered":"http:\/\/www.externatomeninojesus.pt\/site\/?page_id=481"},"modified":"2025-09-29T16:09:43","modified_gmt":"2025-09-29T15:09:43","slug":"projeto-educativo","status":"publish","type":"page","link":"https:\/\/www.externatomeninojesus.pt\/site\/projeto-educativo\/","title":{"rendered":"Projeto Educativo"},"content":{"rendered":"<p>A elabora\u00e7\u00e3o de um Projeto Educativo de Escola pressup\u00f5e a constru\u00e7\u00e3o de um documento que se assuma como central em toda a vida da institui\u00e7\u00e3o.<\/p>\n<p>O Projeto Educativo de Escola assume-se como a g\u00e9nese, o fio condutor e a\u00a0caracteriza\u00e7\u00e3o de todo o processo educativo. Ele parte da identidade da Escola e\u00a0articula-a com as necessidades contextuais, organizacionais e espec\u00edficas da Escola e\u00a0com os objetivos curriculares e n\u00e3o curriculares definidos.<\/p>\n<p>O Projeto Educativo do Col\u00e9gio pretende ser um instrumento privilegiado para\u00a0alcan\u00e7ar uma maior autonomia, contribuindo para uma participa\u00e7\u00e3o mais ativa da\u00a0comunidade educativa. Dever\u00e1, deste modo, ser din\u00e2mico e funcional, impondo uma\u00a0necessidade de avalia\u00e7\u00e3o peri\u00f3dica, que permita o ajustamento \u00e0s novas realidades e\u00a0ao seu cont\u00ednuo aperfei\u00e7oamento.<\/p>\n<p><strong>Para consultar o documento integral fa\u00e7a o download:<\/strong><\/p>\n<p><a href=\"https:\/\/www.externatomeninojesus.pt\/site\/wp-content\/uploads\/2025\/09\/PEE_2025-2028.pdf\">Projeto Educativo Externato Menino Jesus 2025-2028<\/a>\u00a0 (pdf, aprox: 2 Mb)<\/p>\n\n\n<p><\/p>\n","protected":false},"excerpt":{"rendered":"<p>A elabora\u00e7\u00e3o de um Projeto Educativo de Escola pressup\u00f5e a constru\u00e7\u00e3o de um documento que se assuma como central em toda a vida da institui\u00e7\u00e3o. O Projeto Educativo de Escola assume-se como a g\u00e9nese, o fio condutor e a\u00a0caracteriza\u00e7\u00e3o de todo o processo educativo. Ele parte da identidade da Escola e\u00a0articula-a com as necessidades contextuais, <a href=\"https:\/\/www.externatomeninojesus.pt\/site\/projeto-educativo\/\">[&#8230;]<\/a><\/p>\n","protected":false},"author":2,"featured_media":0,"parent":0,"menu_order":0,"comment_status":"closed","ping_status":"closed","template":"page-boxed.php","meta":[],"_links":{"self":[{"href":"https:\/\/www.externatomeninojesus.pt\/site\/wp-json\/wp\/v2\/pages\/481"}],"collection":[{"href":"https:\/\/www.externatomeninojesus.pt\/site\/wp-json\/wp\/v2\/pages"}],"about":[{"href":"https:\/\/www.externatomeninojesus.pt\/site\/wp-json\/wp\/v2\/types\/page"}],"author":[{"embeddable":true,"href":"https:\/\/www.externatomeninojesus.pt\/site\/wp-json\/wp\/v2\/users\/2"}],"replies":[{"embeddable":true,"href":"https:\/\/www.externatomeninojesus.pt\/site\/wp-json\/wp\/v2\/comments?post=481"}],"version-history":[{"count":14,"href":"https:\/\/www.externatomeninojesus.pt\/site\/wp-json\/wp\/v2\/pages\/481\/revisions"}],"predecessor-version":[{"id":3809,"href":"https:\/\/www.externatomeninojesus.pt\/site\/wp-json\/wp\/v2\/pages\/481\/revisions\/3809"}],"wp:attachment":[{"href":"https:\/\/www.externatomeninojesus.pt\/site\/wp-json\/wp\/v2\/media?parent=481"}],"curies":[{"name":"wp","href":"https:\/\/api.w.org\/{rel}","templated":true}]}}

<p>A elaboração de um Projeto Educativo de Escola pressupõe a construção de um documento que se assuma como central em toda a vida da instituição.</p>
<p>O Projeto Educativo de Escola assume-se como a génese, o fio condutor e a caracterização de todo o processo educativo. Ele parte da identidade da Escola e articula-a com as necessidades contextuais, organizacionais e específicas da Escola e com os objetivos curriculares e não curriculares definidos.</p>
<p>O Projeto Educativo do Colégio pretende ser um instrumento privilegiado para alcançar uma maior autonomia, contribuindo para uma participação mais ativa da comunidade educativa. Deverá, deste modo, ser dinâmico e funcional, impondo uma necessidade de avaliação periódica, que permita o ajustamento às novas realidades e ao seu contínuo aperfeiçoamento.</p>
<p><strong>Para consultar o documento integral faça o download:</strong></p>
<p><a href="https://www.externatomeninojesus.pt/site/wp-content/uploads/2025/09/PEE_2025-2028.pdf">Projeto Educativo Externato Menino Jesus 2025-2028</a>  (pdf, aprox: 2 Mb)</p>


<p></p>

<p>A elaboração de um Projeto Educativo de Escola pressupõe a construção de um documento que se assuma como central em toda a vida da instituição. O Projeto Educativo de Escola assume-se como a génese, o fio condutor e a caracterização de todo o processo educativo. Ele parte da identidade da Escola e articula-a com as necessidades contextuais, <a href="https://www.externatomeninojesus.pt/site/projeto-educativo/">[&#8230;]</a></p>
