{"id":474,"date":"2015-12-02T17:13:55","date_gmt":"2015-12-02T17:13:55","guid":{"rendered":"http:\/\/www.externatomeninojesus.pt\/site\/?page_id=474"},"modified":"2022-10-31T13:50:15","modified_gmt":"2022-10-31T13:50:15","slug":"quem-somos","status":"publish","type":"page","link":"https:\/\/www.externatomeninojesus.pt\/site\/quem-somos\/","title":{"rendered":"Quem Somos"},"content":{"rendered":"<p>O Externato Menino Jesus \u00e9 uma institui\u00e7\u00e3o privada para estudantes entre os 3 e os&nbsp;10 anos (Pr\u00e9-Escolar e 1.\u00ba Ciclo). \u00c9 um col\u00e9gio aberto a todos os alunos, onde n\u00e3o se&nbsp;seleciona ou descrimina em fun\u00e7\u00e3o da etnia, sexo, nacionalidade, confiss\u00e3o religiosa&nbsp;ou estrato social. Contudo, n\u00e3o admite pr\u00e1ticas que, objetivamente, prejudiquem a&nbsp;a\u00e7\u00e3o educativa.<\/p>\n<p>O Col\u00e9gio pretende promover um modelo de educa\u00e7\u00e3o abrangente, que n\u00e3o se limite&nbsp;\u00e0s pr\u00e1ticas e ao desenvolvimento letivo e curricular, e que permita &#8211; gradualmente &#8211;&nbsp;atingir os seguintes objetivos na sua a\u00e7\u00e3o educativa:<\/p>\n<ul>\n<li>Promover a aquisi\u00e7\u00e3o de h\u00e1bitos intelectuais e t\u00e9cnicas de trabalho, assim&nbsp;como de conhecimentos cient\u00edficos, t\u00e9cnicos, human\u00edsticos, hist\u00f3ricos e&nbsp;est\u00e9ticos;<\/li>\n<li>Preparar os seus alunos para uma participa\u00e7\u00e3o respons\u00e1vel, ativa, cr\u00edtica e&nbsp;criativa na vida social e cultural, levando-os a comprometerem-se na&nbsp;constru\u00e7\u00e3o de uma sociedade em que seja poss\u00edvel a paz, a coopera\u00e7\u00e3o, a&nbsp;solidariedade, o respeito e a liberdade;<\/li>\n<li>Despertar e acompanhar o desenvolvimento dos seus educandos, orientando&nbsp;as suas tend\u00eancias, interesses e aptid\u00f5es naturais, desenvolvendo a&nbsp;personalidade no seu conjunto, com o prop\u00f3sito de contribuir na forma\u00e7\u00e3o e&nbsp;defini\u00e7\u00e3o do seu car\u00e1cter;<\/li>\n<li>Envolver todos os intervenientes no processo educativo, valorizando a&nbsp;participa\u00e7\u00e3o dos Encarregados de Educa\u00e7\u00e3o, de forma assumirem o papel de&nbsp;parceiros ativos, e decisivos, da vida escolar dos seus educandos.<\/li>\n<\/ul>\n<p><iframe loading=\"lazy\" src=\"\/\/www.youtube.com\/embed\/-AzmoTkQUHc?rel=0\" width=\"640\" height=\"360\" frameborder=\"0\" allowfullscreen=\"allowfullscreen\"><\/iframe><\/p>\n\n\n<p><strong>Corpo Docente:<\/strong><\/p>\n\n\n\n<p>Pr\u00e9-escolar:<\/p>\n\n\n\n<ul><li>Ana Maria Mendes B. Rodrigues Andr\u00e9<\/li><li>S\u00edlvia Cristina Fonseca Sousa<\/li><li>Djiha Vanessa Afonso Godinho<\/li><\/ul>\n\n\n\n<p>                       &#8212;<\/p>\n\n\n\n<p>1\u00ba Ciclo:<\/p>\n\n\n\n<ul><li>Maria F\u00e1tima Santos Cardoso Eug\u00e9nio<\/li><li>C\u00e9lia Maria Dias Pereira Viseu<\/li><li>Elza Marta Sousa Silva Ramos Br\u00e1s<\/li><li>Sofia Isabel Henriques Nunes<\/li><li>C\u00e1tia Alexandra Gomes Saraiva<\/li><\/ul>\n\n\n\n<p><\/p>\n","protected":false},"excerpt":{"rendered":"<p>O Externato Menino Jesus \u00e9 uma institui\u00e7\u00e3o privada para estudantes entre os 3 e os&nbsp;10 anos (Pr\u00e9-Escolar e 1.\u00ba Ciclo). \u00c9 um col\u00e9gio aberto a todos os alunos, onde n\u00e3o se&nbsp;seleciona ou descrimina em fun\u00e7\u00e3o da etnia, sexo, nacionalidade, confiss\u00e3o religiosa&nbsp;ou estrato social. Contudo, n\u00e3o admite pr\u00e1ticas que, objetivamente, prejudiquem a&nbsp;a\u00e7\u00e3o educativa. O Col\u00e9gio pretende <a href=\"https:\/\/www.externatomeninojesus.pt\/site\/quem-somos\/\">[&#8230;]<\/a><\/p>\n","protected":false},"author":2,"featured_media":0,"parent":0,"menu_order":0,"comment_status":"closed","ping_status":"closed","template":"page-fullwidth.php","meta":[],"_links":{"self":[{"href":"https:\/\/www.externatomeninojesus.pt\/site\/wp-json\/wp\/v2\/pages\/474"}],"collection":[{"href":"https:\/\/www.externatomeninojesus.pt\/site\/wp-json\/wp\/v2\/pages"}],"about":[{"href":"https:\/\/www.externatomeninojesus.pt\/site\/wp-json\/wp\/v2\/types\/page"}],"author":[{"embeddable":true,"href":"https:\/\/www.externatomeninojesus.pt\/site\/wp-json\/wp\/v2\/users\/2"}],"replies":[{"embeddable":true,"href":"https:\/\/www.externatomeninojesus.pt\/site\/wp-json\/wp\/v2\/comments?post=474"}],"version-history":[{"count":6,"href":"https:\/\/www.externatomeninojesus.pt\/site\/wp-json\/wp\/v2\/pages\/474\/revisions"}],"predecessor-version":[{"id":3234,"href":"https:\/\/www.externatomeninojesus.pt\/site\/wp-json\/wp\/v2\/pages\/474\/revisions\/3234"}],"wp:attachment":[{"href":"https:\/\/www.externatomeninojesus.pt\/site\/wp-json\/wp\/v2\/media?parent=474"}],"curies":[{"name":"wp","href":"https:\/\/api.w.org\/{rel}","templated":true}]}}